{"id":1541,"date":"2024-12-07T13:54:57","date_gmt":"2024-12-07T16:54:57","guid":{"rendered":"https:\/\/www.senhorbyte.com.br\/novo\/?page_id=1541"},"modified":"2025-03-27T14:06:45","modified_gmt":"2025-03-27T17:06:45","slug":"politica-de-privacidade","status":"publish","type":"page","link":"https:\/\/www.senhorbyte.com.br\/novo\/politica-de-privacidade\/","title":{"rendered":"Pol\u00edtica de Privacidade"},"content":{"rendered":"\t\t<div data-elementor-type=\"wp-page\" data-elementor-id=\"1541\" class=\"elementor elementor-1541\">\n\t\t\t\t\t\t<section class=\"elementor-section elementor-top-section elementor-element elementor-element-6291dfb0 elementor-section-boxed elementor-section-height-default elementor-section-height-default\" data-id=\"6291dfb0\" data-element_type=\"section\">\n\t\t\t\t\t\t<div class=\"elementor-container elementor-column-gap-default\">\n\t\t\t\t\t<div class=\"elementor-column elementor-col-100 elementor-top-column elementor-element elementor-element-213508db\" data-id=\"213508db\" data-element_type=\"column\">\n\t\t\t<div class=\"elementor-widget-wrap elementor-element-populated\">\n\t\t\t\t\t\t<div class=\"elementor-element elementor-element-56479c43 elementor-widget elementor-widget-image\" data-id=\"56479c43\" data-element_type=\"widget\" data-widget_type=\"image.default\">\n\t\t\t\t<div class=\"elementor-widget-container\">\n\t\t\t\t\t\t\t\t\t\t\t\t\t\t\t\t<a href=\"https:\/\/www.senhorbyte.com.br\" target=\"_blank\">\n\t\t\t\t\t\t\t<img decoding=\"async\" width=\"300\" height=\"112\" src=\"https:\/\/www.senhorbyte.com.br\/novo\/wp-content\/uploads\/2025\/03\/Logo-Senhor-Byte-Agencia-de-Marketing-Digital-FD_TR2-300x112.png\" class=\"attachment-medium size-medium wp-image-1689\" alt=\"Logo Senhor Byte - Ag\u00eancia de Marketing Digital (FD_TR)\" srcset=\"https:\/\/www.senhorbyte.com.br\/novo\/wp-content\/uploads\/2025\/03\/Logo-Senhor-Byte-Agencia-de-Marketing-Digital-FD_TR2-300x112.png 300w, https:\/\/www.senhorbyte.com.br\/novo\/wp-content\/uploads\/2025\/03\/Logo-Senhor-Byte-Agencia-de-Marketing-Digital-FD_TR2.png 500w\" sizes=\"(max-width: 300px) 100vw, 300px\" \/>\t\t\t\t\t\t\t\t<\/a>\n\t\t\t\t\t\t\t\t\t\t\t\t\t\t\t<\/div>\n\t\t\t\t<\/div>\n\t\t\t\t\t<\/div>\n\t\t<\/div>\n\t\t\t\t\t<\/div>\n\t\t<\/section>\n\t\t\t\t<section class=\"elementor-section elementor-top-section elementor-element elementor-element-16110201 elementor-section-stretched elementor-section-full_width elementor-section-height-default elementor-section-height-default\" data-id=\"16110201\" data-element_type=\"section\" data-settings=\"{&quot;stretch_section&quot;:&quot;section-stretched&quot;,&quot;background_background&quot;:&quot;classic&quot;}\">\n\t\t\t\t\t\t<div class=\"elementor-container elementor-column-gap-default\">\n\t\t\t\t\t<div class=\"elementor-column elementor-col-100 elementor-top-column elementor-element elementor-element-9bf20cb\" data-id=\"9bf20cb\" data-element_type=\"column\">\n\t\t\t<div class=\"elementor-widget-wrap elementor-element-populated\">\n\t\t\t\t\t\t<div class=\"elementor-element elementor-element-43939089 elementor-invisible elementor-widget elementor-widget-heading\" data-id=\"43939089\" data-element_type=\"widget\" data-settings=\"{&quot;_animation&quot;:&quot;fadeInDown&quot;,&quot;_animation_delay&quot;:200}\" data-widget_type=\"heading.default\">\n\t\t\t\t<div class=\"elementor-widget-container\">\n\t\t\t\t\t<h5 class=\"elementor-heading-title elementor-size-default\">\ud83d\udee1\ufe0f Pol\u00edtica de Privacidade \ud83d\udee1\ufe0f<\/h5>\t\t\t\t<\/div>\n\t\t\t\t<\/div>\n\t\t\t\t<section class=\"elementor-section elementor-inner-section elementor-element elementor-element-4756eca elementor-section-boxed elementor-section-height-default elementor-section-height-default\" data-id=\"4756eca\" data-element_type=\"section\">\n\t\t\t\t\t\t<div class=\"elementor-container elementor-column-gap-default\">\n\t\t\t\t\t<div class=\"elementor-column elementor-col-33 elementor-inner-column elementor-element elementor-element-47a8c8f0\" data-id=\"47a8c8f0\" data-element_type=\"column\">\n\t\t\t<div class=\"elementor-widget-wrap\">\n\t\t\t\t\t\t\t<\/div>\n\t\t<\/div>\n\t\t\t\t<div class=\"elementor-column elementor-col-33 elementor-inner-column elementor-element elementor-element-689144f\" data-id=\"689144f\" data-element_type=\"column\">\n\t\t\t<div class=\"elementor-widget-wrap elementor-element-populated\">\n\t\t\t\t\t\t<div class=\"elementor-element elementor-element-69bd4821 elementor-invisible elementor-widget elementor-widget-text-editor\" data-id=\"69bd4821\" data-element_type=\"widget\" data-settings=\"{&quot;_animation&quot;:&quot;fadeInDown&quot;}\" data-widget_type=\"text-editor.default\">\n\t\t\t\t<div class=\"elementor-widget-container\">\n\t\t\t\t\t\t\t\t\t<p>Transpar\u00eancia e Seguran\u00e7a para Voc\u00ea<\/p>\t\t\t\t\t\t\t\t<\/div>\n\t\t\t\t<\/div>\n\t\t\t\t\t<\/div>\n\t\t<\/div>\n\t\t\t\t<div class=\"elementor-column elementor-col-33 elementor-inner-column elementor-element elementor-element-504e5dae\" data-id=\"504e5dae\" data-element_type=\"column\">\n\t\t\t<div class=\"elementor-widget-wrap\">\n\t\t\t\t\t\t\t<\/div>\n\t\t<\/div>\n\t\t\t\t\t<\/div>\n\t\t<\/section>\n\t\t\t\t<section class=\"elementor-section elementor-inner-section elementor-element elementor-element-2908fbc1 animated-slow elementor-section-boxed elementor-section-height-default elementor-section-height-default elementor-invisible\" data-id=\"2908fbc1\" data-element_type=\"section\" data-settings=\"{&quot;animation&quot;:&quot;pulse&quot;,&quot;animation_delay&quot;:300}\">\n\t\t\t\t\t\t<div class=\"elementor-container elementor-column-gap-default\">\n\t\t\t\t\t<div class=\"elementor-column elementor-col-100 elementor-inner-column elementor-element elementor-element-7f05df6c\" data-id=\"7f05df6c\" data-element_type=\"column\" data-settings=\"{&quot;background_background&quot;:&quot;slideshow&quot;,&quot;background_slideshow_gallery&quot;:[],&quot;background_slideshow_loop&quot;:&quot;yes&quot;,&quot;background_slideshow_slide_duration&quot;:5000,&quot;background_slideshow_slide_transition&quot;:&quot;fade&quot;,&quot;background_slideshow_transition_duration&quot;:500}\">\n\t\t\t<div class=\"elementor-widget-wrap elementor-element-populated\">\n\t\t\t\t\t\t<div class=\"elementor-element elementor-element-c9354a2 elementor-drop-cap-yes elementor-drop-cap-view-default elementor-widget elementor-widget-text-editor\" data-id=\"c9354a2\" data-element_type=\"widget\" data-settings=\"{&quot;drop_cap&quot;:&quot;yes&quot;}\" data-widget_type=\"text-editor.default\">\n\t\t\t\t<div class=\"elementor-widget-container\">\n\t\t\t\t\t\t\t\t\t<p style=\"text-align: justify;\" data-pm-slice=\"1 1 []\">\u00a0<\/p><p style=\"text-align: justify;\" data-pm-slice=\"1 1 []\">A <strong>Ag\u00eancia Senhor Byte<\/strong> tem um compromisso s\u00e9rio com a privacidade e a seguran\u00e7a das informa\u00e7\u00f5es fornecidas por seus visitantes e clientes. Esta Pol\u00edtica de Privacidade explica como coletamos, utilizamos e protegemos seus dados ao acessar nosso site ou utilizar nossos servi\u00e7os.<\/p><p style=\"text-align: justify;\" data-pm-slice=\"1 1 []\">\u00a0<\/p><div style=\"text-align: justify;\"><hr \/><\/div><h3 style=\"text-align: justify;\">1. Coleta de Informa\u00e7\u00f5es<\/h3><p style=\"text-align: justify;\">Ao utilizar nosso site, poderemos coletar algumas informa\u00e7\u00f5es, incluindo, mas n\u00e3o se limitando a:<\/p><p style=\"text-align: justify;\">Nome e sobrenome<\/p><p style=\"text-align: justify;\">Endere\u00e7o de e-mail<\/p><p style=\"text-align: justify;\">N\u00famero de telefone\/WhatsApp<\/p><p style=\"text-align: justify;\">Dados de navega\u00e7\u00e3o (como p\u00e1ginas visitadas, tempo de perman\u00eancia, etc.)<\/p><p style=\"text-align: justify;\">Informa\u00e7\u00f5es fornecidas voluntariamente por meio de formul\u00e1rios<\/p><p style=\"text-align: justify;\">Os dados coletados s\u00e3o utilizados exclusivamente para melhorar sua experi\u00eancia e oferecer solu\u00e7\u00f5es personalizadas de marketing digital.<\/p><p style=\"text-align: justify;\">\u00a0<\/p><div style=\"text-align: justify;\"><hr \/><\/div><h3 style=\"text-align: justify;\">2. Uso das Informa\u00e7\u00f5es<\/h3><p style=\"text-align: justify;\">As informa\u00e7\u00f5es fornecidas s\u00e3o utilizadas para:<\/p><ul style=\"text-align: justify;\" data-spread=\"false\"><li><p>Entrar em contato e responder suas solicita\u00e7\u00f5es<\/p><\/li><li><p>Personalizar e aprimorar nossos servi\u00e7os<\/p><\/li><li><p>Enviar materiais informativos e promocionais sobre marketing digital<\/p><\/li><li><p>Aprimorar nossa estrat\u00e9gia de an\u00e1lise e publicidade<\/p><\/li><\/ul><p style=\"text-align: justify;\"><strong>Caso voc\u00ea j\u00e1 possua um site, perfis em redes sociais ou Google Meu Neg\u00f3cio, podemos auxiliar na reformula\u00e7\u00e3o e otimiza\u00e7\u00e3o desses canais para atrair ainda mais clientes.<\/strong><\/p><p style=\"text-align: justify;\">\u00a0<\/p><div style=\"text-align: justify;\"><hr \/><\/div><h3 style=\"text-align: justify;\">3. Compartilhamento de Dados<\/h3><p style=\"text-align: justify;\">N\u00e3o compartilhamos suas informa\u00e7\u00f5es pessoais com terceiros, exceto nos seguintes casos:<\/p><ul style=\"text-align: justify;\" data-spread=\"false\"><li><p>Quando houver obrigatoriedade legal<\/p><\/li><li><p>Com servi\u00e7os terceirizados essenciais para nosso funcionamento (ex.: plataformas de an\u00e1lise e automa\u00e7\u00e3o de marketing)<\/p><\/li><li><p>Quando necess\u00e1rio para garantir sua melhor experi\u00eancia com nossos servi\u00e7os<\/p><\/li><\/ul><div style=\"text-align: justify;\"><hr \/><\/div><h3 style=\"text-align: justify;\">\u00a0<\/h3><h3 style=\"text-align: justify;\">4. Cookies e Tecnologias de Rastreamento<\/h3><p style=\"text-align: justify;\">Nosso site pode utilizar cookies e outras tecnologias para melhorar sua navega\u00e7\u00e3o e personalizar conte\u00fados. Caso n\u00e3o deseje utilizar cookies, voc\u00ea pode configurar seu navegador para bloque\u00e1-los.<\/p><p style=\"text-align: justify;\">\u00a0<\/p><div style=\"text-align: justify;\"><hr \/><\/div><h3 style=\"text-align: justify;\">5. Prote\u00e7\u00e3o das Informa\u00e7\u00f5es<\/h3><p style=\"text-align: justify;\">Adotamos medidas de seguran\u00e7a para proteger suas informa\u00e7\u00f5es contra acessos n\u00e3o autorizados, altera\u00e7\u00e3o ou destrui\u00e7\u00e3o indevida.<\/p><p style=\"text-align: justify;\">\u00a0<\/p><div style=\"text-align: justify;\"><hr \/><\/div><h3 style=\"text-align: justify;\">6. Direitos do Usu\u00e1rio<\/h3><p style=\"text-align: justify;\">Voc\u00ea tem o direito de:<\/p><ul style=\"text-align: justify;\" data-spread=\"false\"><li><p>Solicitar acesso aos dados armazenados sobre voc\u00ea<\/p><\/li><li><p>Pedir a corre\u00e7\u00e3o ou exclus\u00e3o de informa\u00e7\u00f5es<\/p><\/li><li><p>Optar por n\u00e3o receber comunica\u00e7\u00f5es promocionais<\/p><\/li><\/ul><p style=\"text-align: justify;\">Para exercer seus direitos, entre em contato pelo e-mail: <a><strong>contato@senhorbyte.com.br<\/strong><\/a><\/p><p style=\"text-align: justify;\">\u00a0<\/p><div style=\"text-align: justify;\"><hr \/><\/div><h3 style=\"text-align: justify;\">7. Altera\u00e7\u00f5es na Pol\u00edtica de Privacidade<\/h3><p style=\"text-align: justify;\">Podemos atualizar esta Pol\u00edtica de Privacidade periodicamente. Recomendamos que voc\u00ea a consulte regularmente para se manter informado.<\/p><p style=\"text-align: justify;\">\u00a0<\/p><p style=\"text-align: justify;\"><em><strong>Caso tenha d\u00favidas, entre em contato pelo nosso WhatsApp ou e-mail. Estamos \u00e0 disposi\u00e7\u00e3o para ajudar!<\/strong> <\/em>\ud83d\ude0a<\/p>\t\t\t\t\t\t\t\t<\/div>\n\t\t\t\t<\/div>\n\t\t\t\t\t<\/div>\n\t\t<\/div>\n\t\t\t\t\t<\/div>\n\t\t<\/section>\n\t\t\t\t\t<\/div>\n\t\t<\/div>\n\t\t\t\t\t<\/div>\n\t\t<\/section>\n\t\t\t\t<section class=\"elementor-section elementor-top-section elementor-element elementor-element-6f5a4843 elementor-section-boxed elementor-section-height-default elementor-section-height-default\" data-id=\"6f5a4843\" data-element_type=\"section\">\n\t\t\t\t\t\t<div class=\"elementor-container elementor-column-gap-default\">\n\t\t\t\t\t<div class=\"elementor-column elementor-col-33 elementor-top-column elementor-element elementor-element-42a212d6\" data-id=\"42a212d6\" data-element_type=\"column\">\n\t\t\t<div class=\"elementor-widget-wrap elementor-element-populated\">\n\t\t\t\t\t\t<div class=\"elementor-element elementor-element-37eedcfa elementor-widget elementor-widget-text-editor\" data-id=\"37eedcfa\" data-element_type=\"widget\" data-widget_type=\"text-editor.default\">\n\t\t\t\t<div class=\"elementor-widget-container\">\n\t\t\t\t\t\t\t\t\t<p><a href=\"https:\/\/www.senhorbyte.com.br\">Home<\/a> | <a href=\"https:\/\/www.senhorbyte.com.br\/novo\/sobre-nos\/\">Sobre N\u00f3s<\/a> | <a href=\"https:\/\/www.senhorbyte.com.br\/novo\/politica-de-privacidade\/\">Pol\u00edtica de Privacidade\u00a0\u00a0<\/a><\/p>\t\t\t\t\t\t\t\t<\/div>\n\t\t\t\t<\/div>\n\t\t\t\t\t<\/div>\n\t\t<\/div>\n\t\t\t\t<div class=\"elementor-column elementor-col-33 elementor-top-column elementor-element elementor-element-27b81abf\" data-id=\"27b81abf\" data-element_type=\"column\">\n\t\t\t<div class=\"elementor-widget-wrap elementor-element-populated\">\n\t\t\t\t\t\t<div class=\"elementor-element elementor-element-27531ba7 elementor-widget elementor-widget-text-editor\" data-id=\"27531ba7\" data-element_type=\"widget\" data-widget_type=\"text-editor.default\">\n\t\t\t\t<div class=\"elementor-widget-container\">\n\t\t\t\t\t\t\t\t\t<p style=\"text-align: center;\"><strong>\u00a9 2025 <a href=\"https:\/\/www.senhorbyte.com.br\">Senhor Byte<\/a><br \/><\/strong>Todos os direitos reservados.<\/p>\t\t\t\t\t\t\t\t<\/div>\n\t\t\t\t<\/div>\n\t\t\t\t\t<\/div>\n\t\t<\/div>\n\t\t\t\t<div class=\"elementor-column elementor-col-33 elementor-top-column elementor-element elementor-element-6beb669b\" data-id=\"6beb669b\" data-element_type=\"column\">\n\t\t\t<div class=\"elementor-widget-wrap elementor-element-populated\">\n\t\t\t\t\t\t<section class=\"elementor-section elementor-inner-section elementor-element elementor-element-6bcba896 elementor-section-boxed elementor-section-height-default elementor-section-height-default\" data-id=\"6bcba896\" data-element_type=\"section\">\n\t\t\t\t\t\t<div class=\"elementor-container elementor-column-gap-default\">\n\t\t\t\t\t<div class=\"elementor-column elementor-col-50 elementor-inner-column elementor-element elementor-element-de7d7f8\" data-id=\"de7d7f8\" data-element_type=\"column\">\n\t\t\t<div class=\"elementor-widget-wrap elementor-element-populated\">\n\t\t\t\t\t\t<div class=\"elementor-element elementor-element-707803f3 elementor-view-default elementor-widget elementor-widget-icon\" data-id=\"707803f3\" data-element_type=\"widget\" data-widget_type=\"icon.default\">\n\t\t\t\t<div class=\"elementor-widget-container\">\n\t\t\t\t\t\t\t<div class=\"elementor-icon-wrapper\">\n\t\t\t<a class=\"elementor-icon\" href=\"https:\/\/www.instagram.com\/senhorbyte\" target=\"_blank\">\n\t\t\t<i aria-hidden=\"true\" class=\"fab fa-instagram\"><\/i>\t\t\t<\/a>\n\t\t<\/div>\n\t\t\t\t\t\t<\/div>\n\t\t\t\t<\/div>\n\t\t\t\t\t<\/div>\n\t\t<\/div>\n\t\t\t\t<div class=\"elementor-column elementor-col-50 elementor-inner-column elementor-element elementor-element-95fbe49\" data-id=\"95fbe49\" data-element_type=\"column\">\n\t\t\t<div class=\"elementor-widget-wrap elementor-element-populated\">\n\t\t\t\t\t\t<div class=\"elementor-element elementor-element-321397fd elementor-view-default elementor-widget elementor-widget-icon\" data-id=\"321397fd\" data-element_type=\"widget\" data-widget_type=\"icon.default\">\n\t\t\t\t<div class=\"elementor-widget-container\">\n\t\t\t\t\t\t\t<div class=\"elementor-icon-wrapper\">\n\t\t\t<a class=\"elementor-icon\" href=\"https:\/\/wa.me\/5516996015760\" target=\"_blank\">\n\t\t\t<i aria-hidden=\"true\" class=\"fab fa-whatsapp\"><\/i>\t\t\t<\/a>\n\t\t<\/div>\n\t\t\t\t\t\t<\/div>\n\t\t\t\t<\/div>\n\t\t\t\t\t<\/div>\n\t\t<\/div>\n\t\t\t\t\t<\/div>\n\t\t<\/section>\n\t\t\t\t\t<\/div>\n\t\t<\/div>\n\t\t\t\t\t<\/div>\n\t\t<\/section>\n\t\t\t\t<\/div>\n\t\t","protected":false},"excerpt":{"rendered":"<p>\ud83d\udee1\ufe0f Pol\u00edtica de Privacidade \ud83d\udee1\ufe0f Transpar\u00eancia e Seguran\u00e7a para Voc\u00ea \u00a0 A Ag\u00eancia Senhor Byte tem um compromisso s\u00e9rio com a privacidade e a seguran\u00e7a das informa\u00e7\u00f5es fornecidas por seus visitantes e clientes. Esta Pol\u00edtica de Privacidade explica como coletamos,<\/p>\n","protected":false},"author":1,"featured_media":0,"parent":0,"menu_order":0,"comment_status":"closed","ping_status":"closed","template":"elementor_canvas","meta":{"footnotes":""},"class_list":["post-1541","page","type-page","status-publish","hentry"],"yoast_head":"<!-- This site is optimized with the Yoast SEO plugin v27.2 - https:\/\/yoast.com\/product\/yoast-seo-wordpress\/ -->\n<title>Pol\u00edtica de Privacidade - Senhor Byte<\/title>\n<meta name=\"robots\" content=\"index, follow, max-snippet:-1, max-image-preview:large, max-video-preview:-1\" \/>\n<link rel=\"canonical\" href=\"https:\/\/www.senhorbyte.com.br\/novo\/politica-de-privacidade\/\" \/>\n<meta property=\"og:locale\" content=\"pt_BR\" \/>\n<meta property=\"og:type\" content=\"article\" \/>\n<meta property=\"og:title\" content=\"Pol\u00edtica de Privacidade - Senhor Byte\" \/>\n<meta property=\"og:description\" content=\"\ud83d\udee1\ufe0f Pol\u00edtica de Privacidade \ud83d\udee1\ufe0f Transpar\u00eancia e Seguran\u00e7a para Voc\u00ea \u00a0 A Ag\u00eancia Senhor Byte tem um compromisso s\u00e9rio com a privacidade e a seguran\u00e7a das informa\u00e7\u00f5es fornecidas por seus visitantes e clientes. Esta Pol\u00edtica de Privacidade explica como coletamos,\" \/>\n<meta property=\"og:url\" content=\"https:\/\/www.senhorbyte.com.br\/novo\/politica-de-privacidade\/\" \/>\n<meta property=\"og:site_name\" content=\"Senhor Byte\" \/>\n<meta property=\"article:modified_time\" content=\"2025-03-27T17:06:45+00:00\" \/>\n<meta property=\"og:image\" content=\"http:\/\/www.senhorbyte.com.br\/novo\/wp-content\/uploads\/2025\/03\/Logo-Senhor-Byte-Agencia-de-Marketing-Digital-FD_TR2-300x112.png\" \/>\n<meta name=\"twitter:card\" content=\"summary_large_image\" \/>\n<meta name=\"twitter:label1\" content=\"Est. tempo de leitura\" \/>\n\t<meta name=\"twitter:data1\" content=\"3 minutos\" \/>\n<script type=\"application\/ld+json\" class=\"yoast-schema-graph\">{\"@context\":\"https:\/\/schema.org\",\"@graph\":[{\"@type\":\"WebPage\",\"@id\":\"https:\/\/www.senhorbyte.com.br\/novo\/politica-de-privacidade\/\",\"url\":\"https:\/\/www.senhorbyte.com.br\/novo\/politica-de-privacidade\/\",\"name\":\"Pol\u00edtica de Privacidade - Senhor Byte\",\"isPartOf\":{\"@id\":\"https:\/\/www.senhorbyte.com.br\/novo\/#website\"},\"primaryImageOfPage\":{\"@id\":\"https:\/\/www.senhorbyte.com.br\/novo\/politica-de-privacidade\/#primaryimage\"},\"image\":{\"@id\":\"https:\/\/www.senhorbyte.com.br\/novo\/politica-de-privacidade\/#primaryimage\"},\"thumbnailUrl\":\"http:\/\/www.senhorbyte.com.br\/novo\/wp-content\/uploads\/2025\/03\/Logo-Senhor-Byte-Agencia-de-Marketing-Digital-FD_TR2-300x112.png\",\"datePublished\":\"2024-12-07T16:54:57+00:00\",\"dateModified\":\"2025-03-27T17:06:45+00:00\",\"breadcrumb\":{\"@id\":\"https:\/\/www.senhorbyte.com.br\/novo\/politica-de-privacidade\/#breadcrumb\"},\"inLanguage\":\"pt-BR\",\"potentialAction\":[{\"@type\":\"ReadAction\",\"target\":[\"https:\/\/www.senhorbyte.com.br\/novo\/politica-de-privacidade\/\"]}]},{\"@type\":\"ImageObject\",\"inLanguage\":\"pt-BR\",\"@id\":\"https:\/\/www.senhorbyte.com.br\/novo\/politica-de-privacidade\/#primaryimage\",\"url\":\"https:\/\/www.senhorbyte.com.br\/novo\/wp-content\/uploads\/2025\/03\/Logo-Senhor-Byte-Agencia-de-Marketing-Digital-FD_TR2.png\",\"contentUrl\":\"https:\/\/www.senhorbyte.com.br\/novo\/wp-content\/uploads\/2025\/03\/Logo-Senhor-Byte-Agencia-de-Marketing-Digital-FD_TR2.png\",\"width\":500,\"height\":187,\"caption\":\"Logo Senhor Byte - Ag\u00eancia de Marketing Digital (FD_TR)\"},{\"@type\":\"BreadcrumbList\",\"@id\":\"https:\/\/www.senhorbyte.com.br\/novo\/politica-de-privacidade\/#breadcrumb\",\"itemListElement\":[{\"@type\":\"ListItem\",\"position\":1,\"name\":\"In\u00edcio\",\"item\":\"https:\/\/www.senhorbyte.com.br\/novo\/\"},{\"@type\":\"ListItem\",\"position\":2,\"name\":\"Pol\u00edtica de Privacidade\"}]},{\"@type\":\"WebSite\",\"@id\":\"https:\/\/www.senhorbyte.com.br\/novo\/#website\",\"url\":\"https:\/\/www.senhorbyte.com.br\/novo\/\",\"name\":\"Senhor Byte\",\"description\":\"Ag\u00eancia de Marketing Digital\",\"publisher\":{\"@id\":\"https:\/\/www.senhorbyte.com.br\/novo\/#organization\"},\"potentialAction\":[{\"@type\":\"SearchAction\",\"target\":{\"@type\":\"EntryPoint\",\"urlTemplate\":\"https:\/\/www.senhorbyte.com.br\/novo\/?s={search_term_string}\"},\"query-input\":{\"@type\":\"PropertyValueSpecification\",\"valueRequired\":true,\"valueName\":\"search_term_string\"}}],\"inLanguage\":\"pt-BR\"},{\"@type\":\"Organization\",\"@id\":\"https:\/\/www.senhorbyte.com.br\/novo\/#organization\",\"name\":\"Senhor Byte\",\"url\":\"https:\/\/www.senhorbyte.com.br\/novo\/\",\"logo\":{\"@type\":\"ImageObject\",\"inLanguage\":\"pt-BR\",\"@id\":\"https:\/\/www.senhorbyte.com.br\/novo\/#\/schema\/logo\/image\/\",\"url\":\"https:\/\/www.senhorbyte.com.br\/novo\/wp-content\/uploads\/2025\/03\/cropped-Logo-Senhor-Byte-Agencia-de-Marketing-Digital-FD_BR.png\",\"contentUrl\":\"https:\/\/www.senhorbyte.com.br\/novo\/wp-content\/uploads\/2025\/03\/cropped-Logo-Senhor-Byte-Agencia-de-Marketing-Digital-FD_BR.png\",\"width\":498,\"height\":191,\"caption\":\"Senhor Byte\"},\"image\":{\"@id\":\"https:\/\/www.senhorbyte.com.br\/novo\/#\/schema\/logo\/image\/\"}}]}<\/script>\n<!-- \/ Yoast SEO plugin. -->","yoast_head_json":{"title":"Pol\u00edtica de Privacidade - Senhor Byte","robots":{"index":"index","follow":"follow","max-snippet":"max-snippet:-1","max-image-preview":"max-image-preview:large","max-video-preview":"max-video-preview:-1"},"canonical":"https:\/\/www.senhorbyte.com.br\/novo\/politica-de-privacidade\/","og_locale":"pt_BR","og_type":"article","og_title":"Pol\u00edtica de Privacidade - Senhor Byte","og_description":"\ud83d\udee1\ufe0f Pol\u00edtica de Privacidade \ud83d\udee1\ufe0f Transpar\u00eancia e Seguran\u00e7a para Voc\u00ea \u00a0 A Ag\u00eancia Senhor Byte tem um compromisso s\u00e9rio com a privacidade e a seguran\u00e7a das informa\u00e7\u00f5es fornecidas por seus visitantes e clientes. Esta Pol\u00edtica de Privacidade explica como coletamos,","og_url":"https:\/\/www.senhorbyte.com.br\/novo\/politica-de-privacidade\/","og_site_name":"Senhor Byte","article_modified_time":"2025-03-27T17:06:45+00:00","og_image":[{"url":"http:\/\/www.senhorbyte.com.br\/novo\/wp-content\/uploads\/2025\/03\/Logo-Senhor-Byte-Agencia-de-Marketing-Digital-FD_TR2-300x112.png","type":"","width":"","height":""}],"twitter_card":"summary_large_image","twitter_misc":{"Est. tempo de leitura":"3 minutos"},"schema":{"@context":"https:\/\/schema.org","@graph":[{"@type":"WebPage","@id":"https:\/\/www.senhorbyte.com.br\/novo\/politica-de-privacidade\/","url":"https:\/\/www.senhorbyte.com.br\/novo\/politica-de-privacidade\/","name":"Pol\u00edtica de Privacidade - Senhor Byte","isPartOf":{"@id":"https:\/\/www.senhorbyte.com.br\/novo\/#website"},"primaryImageOfPage":{"@id":"https:\/\/www.senhorbyte.com.br\/novo\/politica-de-privacidade\/#primaryimage"},"image":{"@id":"https:\/\/www.senhorbyte.com.br\/novo\/politica-de-privacidade\/#primaryimage"},"thumbnailUrl":"http:\/\/www.senhorbyte.com.br\/novo\/wp-content\/uploads\/2025\/03\/Logo-Senhor-Byte-Agencia-de-Marketing-Digital-FD_TR2-300x112.png","datePublished":"2024-12-07T16:54:57+00:00","dateModified":"2025-03-27T17:06:45+00:00","breadcrumb":{"@id":"https:\/\/www.senhorbyte.com.br\/novo\/politica-de-privacidade\/#breadcrumb"},"inLanguage":"pt-BR","potentialAction":[{"@type":"ReadAction","target":["https:\/\/www.senhorbyte.com.br\/novo\/politica-de-privacidade\/"]}]},{"@type":"ImageObject","inLanguage":"pt-BR","@id":"https:\/\/www.senhorbyte.com.br\/novo\/politica-de-privacidade\/#primaryimage","url":"https:\/\/www.senhorbyte.com.br\/novo\/wp-content\/uploads\/2025\/03\/Logo-Senhor-Byte-Agencia-de-Marketing-Digital-FD_TR2.png","contentUrl":"https:\/\/www.senhorbyte.com.br\/novo\/wp-content\/uploads\/2025\/03\/Logo-Senhor-Byte-Agencia-de-Marketing-Digital-FD_TR2.png","width":500,"height":187,"caption":"Logo Senhor Byte - Ag\u00eancia de Marketing Digital (FD_TR)"},{"@type":"BreadcrumbList","@id":"https:\/\/www.senhorbyte.com.br\/novo\/politica-de-privacidade\/#breadcrumb","itemListElement":[{"@type":"ListItem","position":1,"name":"In\u00edcio","item":"https:\/\/www.senhorbyte.com.br\/novo\/"},{"@type":"ListItem","position":2,"name":"Pol\u00edtica de Privacidade"}]},{"@type":"WebSite","@id":"https:\/\/www.senhorbyte.com.br\/novo\/#website","url":"https:\/\/www.senhorbyte.com.br\/novo\/","name":"Senhor Byte","description":"Ag\u00eancia de Marketing Digital","publisher":{"@id":"https:\/\/www.senhorbyte.com.br\/novo\/#organization"},"potentialAction":[{"@type":"SearchAction","target":{"@type":"EntryPoint","urlTemplate":"https:\/\/www.senhorbyte.com.br\/novo\/?s={search_term_string}"},"query-input":{"@type":"PropertyValueSpecification","valueRequired":true,"valueName":"search_term_string"}}],"inLanguage":"pt-BR"},{"@type":"Organization","@id":"https:\/\/www.senhorbyte.com.br\/novo\/#organization","name":"Senhor Byte","url":"https:\/\/www.senhorbyte.com.br\/novo\/","logo":{"@type":"ImageObject","inLanguage":"pt-BR","@id":"https:\/\/www.senhorbyte.com.br\/novo\/#\/schema\/logo\/image\/","url":"https:\/\/www.senhorbyte.com.br\/novo\/wp-content\/uploads\/2025\/03\/cropped-Logo-Senhor-Byte-Agencia-de-Marketing-Digital-FD_BR.png","contentUrl":"https:\/\/www.senhorbyte.com.br\/novo\/wp-content\/uploads\/2025\/03\/cropped-Logo-Senhor-Byte-Agencia-de-Marketing-Digital-FD_BR.png","width":498,"height":191,"caption":"Senhor Byte"},"image":{"@id":"https:\/\/www.senhorbyte.com.br\/novo\/#\/schema\/logo\/image\/"}}]}},"_links":{"self":[{"href":"https:\/\/www.senhorbyte.com.br\/novo\/wp-json\/wp\/v2\/pages\/1541","targetHints":{"allow":["GET"]}}],"collection":[{"href":"https:\/\/www.senhorbyte.com.br\/novo\/wp-json\/wp\/v2\/pages"}],"about":[{"href":"https:\/\/www.senhorbyte.com.br\/novo\/wp-json\/wp\/v2\/types\/page"}],"author":[{"embeddable":true,"href":"https:\/\/www.senhorbyte.com.br\/novo\/wp-json\/wp\/v2\/users\/1"}],"replies":[{"embeddable":true,"href":"https:\/\/www.senhorbyte.com.br\/novo\/wp-json\/wp\/v2\/comments?post=1541"}],"version-history":[{"count":58,"href":"https:\/\/www.senhorbyte.com.br\/novo\/wp-json\/wp\/v2\/pages\/1541\/revisions"}],"predecessor-version":[{"id":1692,"href":"https:\/\/www.senhorbyte.com.br\/novo\/wp-json\/wp\/v2\/pages\/1541\/revisions\/1692"}],"wp:attachment":[{"href":"https:\/\/www.senhorbyte.com.br\/novo\/wp-json\/wp\/v2\/media?parent=1541"}],"curies":[{"name":"wp","href":"https:\/\/api.w.org\/{rel}","templated":true}]}}